et n(l) = -13*l**2 + 11*l + 46. Let c(z) = 9*z**2 - 7*z - 31. Let s(k) = -7*c(k) - 5*n(k). What are the prime factors of s(6)?
23
Suppose -5*k = 4*d + 23, -13 = 2*d + 3*k - 0*k. Let l be (d/(-6))/(2/174). Let q = 41 - l. What are the prime factors of q?
2, 3
Let l(n) = -44*n + 3. List the prime factors of l(-1).
47
Let o(k) = -k**2 + 10*k - 15. Suppose 2*u = 3*w - 1, -4*w + 0*w = -20. What are the prime factors of o(u)?
2, 3
Suppose -s = -2*s - 5. Let c(v) = -v**3 - 5*v**2 - 6*v - 4. List the prime factors of c(s).
2, 13
Let j(n) be the first derivative of n**3/3 + n**2/2 + 37*n - 6. What are the prime factors of j(0)?
37
Let o(r) be the first derivative of r**3/3 + 2*r**2 + 9*r + 3. List the prime factors of o(-6).
3, 7
List the prime factors of (29/2)/((-10)/(-80)).
2, 29
Let l = 28 + 15. List the prime factors of l.
43
Let l(m) = -m**3 + 9*m**2 + 10*m + 2. Let c be l(10). Let i(n) = 3*n**2 - 3*n**2 - n**c - 3*n + 2*n + 5 + n**3. What are the prime factors of i(0)?
5
Suppose -5*u = -4*h - 82, 3*u = 5*h - 2*h + 51. List the prime factors of u.
2, 7
Let q(o) = -13 + 14 - 2*o + 6*o - 2*o**2. Let z be q(4). Let a = z - -34. List the prime factors of a.
19
Let o be (-2)/2 - (-25 + 5). Let s = o + -10. List the prime factors of s.
3
Suppose -2*z + m - 209 = -7*z, 0 = 4*m + 4. List the prime factors of z.
2, 3, 7
Let p(x) = 38*x**2 - x - 1. What are the prime factors of p(-1)?
2, 19
Suppose 0 = -q - 5*h + 7 + 7, -5*q - 4*h = -70. List the prime factors of q.
2, 7
Let o = -26 - -98. List the prime factors of o.
2, 3
Let g be -8*(1/(-2) - 0). Suppose 60 = k - g*z, 60 = -4*k - 2*z + 282. List the prime factors of k.
2, 7
Let o(a) = a**2 + 2*a. Let d be o(-3). Suppose -5*x - 8 = 2*c, 4*c + d*x = 2*x + 20. What are the prime factors of c?
2, 3
Let y be (24/(-28))/(1/7). Let t = 8 - y. What are the prime factors of t?
2, 7
Suppose 51*t = 52*t - 157. What are the prime factors of t?
157
Suppose -3*l + 5 = -4. Suppose -4*z + l*z = -23. List the prime factors of z.
23
Let h(v) = -6*v**2 + 56*v + 9. Let c(m) = m**2 - 11*m - 2. Let l(s) = 11*c(s) + 2*h(s). List the prime factors of l(-7).
2, 5
Let d = -16 + 24. List the prime factors of d.
2
Suppose -18 = 4*k - 3*k. Let d = 24 + k. What are the prime factors of d?
2, 3
Suppose 16 = x - 13. List the prime factors of x.
29
Suppose -g = -2*o + 1, -3*g = 3*o - 4 - 2. Let t(c) = 17*c**3 + 2*c**2 - c. What are the prime factors of t(o)?
2, 3
Let w(u) be the first derivative of 1 + u - 9/2*u**2. List the prime factors of w(-1).
2, 5
Suppose -f - 450 = -6*f. What are the prime factors of f?
2, 3, 5
What are the prime factors of (42/5)/(6/20)?
2, 7
Suppose 0 = -k - 3*a + 12, 0 = 4*k + 3*a - 0*a - 57. What are the prime factors of k?
3, 5
Suppose -2*x + 2*t + 267 = -389, 0 = 4*t - 20. What are the prime factors of x?
3, 37
Let b = 27 - -22. Suppose -4*a + 8 + 4 = 0. Suppose 0 = q - 5, a*r - 2 - b = -3*q. What are the prime factors of r?
2, 3
Let m be (-4)/(-6) + 8/6. Let t(u) = -u**3 + u**2 + 1. Let r(y) = 5*y**3 - 7*y**2 + 4*y - 6. Let o(c) = r(c) + 3*t(c). What are the prime factors of o(m)?
5
Suppose -9 - 1 = -5*i. Suppose 1 = 2*f - 9, 5*o - 185 = -i*f. List the prime factors of o.
5, 7
Suppose 11 = 3*s - u, 3*s = -0*s + 4*u + 26. Let m(o) = -7*o - 3*o**2 + 5*o - o**s - o**3 + 0*o**2. List the prime factors of m(-4).
2
Suppose -4*z - 40 - 32 = 0. Let h = -4 - z. What are the prime factors of h?
2, 7
Let n = 22 - -18. Suppose -5*j - 30 = -5*s, -2*s - 3*s = -3*j - n. What are the prime factors of s?
11
List the prime factors of ((-86)/5)/((-2)/10).
2, 43
Let z(n) = 6*n**2 + 6*n + 3. What are the prime factors of z(-5)?
3, 41
Suppose -3*o + 10 - 1 = 0. Let f(q) = -2*q**3 - 3 + 2 + 3*q**3 - q**2 - 2*q. What are the prime factors of f(o)?
11
Let c be -3 - -1 - 26 - 0. List the prime factors of (-45)/15 - (c - 1).
2, 13
Let z(l) = 54*l**2 - l - 1. What are the prime factors of z(-1)?
2, 3
Let v = 2 + -1. What are the prime factors of -1 + (9/v - -3)?
11
Suppose 2*f - 252 = 5*v, -2*v = -3*f + 486 - 86. List the prime factors of f.
2, 17
Let b(j) = 5*j - 1. Let d be b(1). Suppose 2*z + 2*q - 4 = 0, -2*q + 5*q + 8 = d*z. Suppose -s + 12 = z*s. List the prime factors of s.
2
Let o(t) be the first derivative of -3/2*t**2 - 5*t - 2. What are the prime factors of o(-4)?
7
Suppose j - 5*i - 17 - 3 = 0, 3*i = 3*j - 24. List the prime factors of j.
5
Suppose i - 50 = -6. List the prime factors of i.
2, 11
List the prime factors of (-4)/6 - 980/(-21).
2, 23
Suppose 4*h - 21 = -3*a, -5*a - 1 + 4 = -4*h. Suppose -h*s - z = -34, -z + 16 = 2*s + z. List the prime factors of s.
13
Let n(d) be the second derivative of d**5/60 - 2*d**3/3 + d**2 - 2*d. Let m(h) be the first derivative of n(h). List the prime factors of m(3).
5
Let o(l) = 20*l**2 + l + 1. List the prime factors of o(1).
2, 11
Let d(s) = 6*s**2 + 12*s - 3. List the prime factors of d(-6).
3, 47
Suppose -3*o + 9 = 0, 3*n = -0*n + 2*o - 63. Let s = 35 + n. What are the prime factors of s?
2
Let t(j) = 3 - 3*j - 4 - 2 - 1. Let y be t(-3). Suppose 0 = -y*n + 26 + 34. What are the prime factors of n?
2, 3
Suppose -n - 3*n + 40 = i, 0 = 5*i. What are the prime factors of n + 1*(-6)/(-3)?
2, 3
Suppose 371 = 4*k - 5*c - 0*c, 4*c - 515 = -5*k. Suppose 5*v - 81 = k. Suppose -5*g = -3*g - v. List the prime factors of g.
2, 3
Let y(g) = -4*g - 2. Let p be y(-2). List the prime factors of (2/p)/(9/297).
11
Let t be (0/1)/(2 + -1). Let m be -1*(-3)/(9/15). Suppose t = -m*b + 55. List the prime factors of b.
11
List the prime factors of 1842/36 - (-2)/(-12).
3, 17
Let t = 27 - 17. Suppose -8 = -3*z + t. Let y(v) = 3*v - 9. List the prime factors of y(z).
3
Let j(o) = o**3 + 11*o**2 + 16*o + 4. List the prime factors of j(-6).
2, 11
Let l(s) = -s**3 - 2*s**2 - 2*s + 2. Let x be l(-2). Let d(c) be the first derivative of c**3/3 - 5*c**2/2 + 5*c + 1. List the prime factors of d(x).
11
Let x(u) = 4*u**3 + u**2 - 2*u + 1. Let b be x(1). Suppose b*i + m = -31 - 3, m = 3*i + 22. Let w(q) = -q**2 - 8*q + 11. What are the prime factors of w(i)?
11
Let y be (0 + -2)/2*-170. Suppose -5*a + 4*g = -218, 4*a + g - y = 2*g. List the prime factors of a.
2, 3, 7
Let w(u) = u**2 + 3*u - 1. Let v be w(-4). Suppose 2*y - 1 = -v. Let b(q) = -8*q - 1. What are the prime factors of b(y)?
7
Suppose 3*j = -4*j + 889. List the prime factors of j.
127
Let a(w) = 7*w - 16. What are the prime factors of a(22)?
2, 3, 23
Let s(u) = u**2 - 5*u + 5. Let z be s(4). Let b be (1 + 0)/(0 + z). What are the prime factors of 11 + -1 + b + 1?
2, 3
Suppose 0*m + 2*m - 26 = 0. List the prime factors of m.
13
Suppose 5*n - 3*i - 154 = 0, 5*i - 21 = -5*n + 109. What are the prime factors of n?
29
Let j = 129 + -74. What are the prime factors of j?
5, 11
Suppose 2*q = 2*s + 3*q - 111, q - 169 = -3*s. Let h = -36 + s. What are the prime factors of h?
2, 11
Suppose 295 - 43 = 6*n. List the prime factors of n.
2, 3, 7
Let d(x) = -6*x + 19. Let u be d(-8). Let t = -19 + u. What are the prime factors of t?
2, 3
Let q = 3 + -5. What are the prime factors of (8/5)/(q/(-5))?
2
Let f = -30 + 57. What are the prime factors of (8/(-12))/((-3)/f)?
2, 3
Suppose 126 = 4*a + 2*y, a + 4*y - 150 = -4*a. Let w = a + -9. Suppose 5*b = -5*j + w, 3*j - 1 = 2*b + 4. What are the prime factors of b?
2
Let a(s) = s**3 - 4*s**2 - 8*s - 10. What are the prime factors of a(7)?
3
Let m(v) = -2*v**2 + 10*v**2 - 11 + v + 14. List the prime factors of m(-2).
3, 11
Let x be 4/(-6) - 16/(-6). Suppose 2*r + x*r - 36 = 0. Let l = r - -7. What are the prime factors of l?
2
Let b(n) = -n**3 + 6*n**2 - n - 4. Let s be b(6). Let y = 6 + s. List the prime factors of (-52)/(-12) - y/6.
5
Let d(v) be the second derivative of 0*v**2 + 0 + 1/2*v**4 - v + 0*v**3. List the prime factors of d(-1).
2, 3
Let g(u) = 8*u + 4*u**2 + 0 - 3*u**2 - 10. Let d be g(-9). List the prime factors of -1 + d - (1 - 6).
3
Suppose 5*c = 5*f, 3*c = -f + 6*f - 6. Suppose f*o - 24 = 21. What are the prime factors of o?
3, 5
Suppose w + 2*v = -39, -v = -4*w + v - 136. Let z = w - -72. What are the prime factors of z?
37
Let i be (-12)/(-54) - 227/9. List the prime factors of i/(-3) + (-2)/(-3).
3
Let k(i) be the second derivative of i**5/20 - i**4/2 - 5*i**3/6 - 5*i**2 - 2*i. What are the prime fa